{"id":34,"date":"2013-04-15T16:18:18","date_gmt":"2013-04-15T14:18:18","guid":{"rendered":"https:\/\/www.kodacx.hu\/?page_id=34"},"modified":"2018-05-16T14:19:51","modified_gmt":"2018-05-16T12:19:51","slug":"mit-hogyan","status":"publish","type":"page","link":"https:\/\/www.kodacx.hu\/?page_id=34","title":{"rendered":"SEG\u00cdTS\u00c9G"},"content":{"rendered":"<h2>Seg\u00edts\u00e9g \u00fcgyfelek r\u00e9sz\u00e9re<\/h2>\n<p>Pr\u00f3b\u00e1ltam \u00f6sszeszedni azokra a k\u00e9rd\u00e9sekre a v\u00e1laszokat, amik a hozz\u00e1m fordul\u00f3 \u00fcgyfeleknek a legfontosabbak, illetve amit sz\u00e1momra fontos a mindkett\u0151nknek sikeres \u00e9s gy\u00fcm\u00f6lcs\u00f6z\u0151 munka szempontj\u00e1b\u00f3l!<br \/>\nK\u00e9rlek, keresd meg a t\u00e9ged \u00e9rdekl\u0151 r\u00e9szt, ezzel nagyban megk\u00f6nny\u00edtj\u00fck mindkett\u0151nk \u00e9let\u00e9t! Ha nem tal\u00e1lod meg a megfelel\u0151 seg\u00edts\u00e9get, jelezd nyugodtan, nekem is az az \u00e9rdekem, hogy min\u00e9l \u00e1tfog\u00f3bb inform\u00e1ci\u00f3k \u00e1lljanak a rendelkez\u00e9sedre!<\/p>\n<h2>Seg\u00edts\u00e9g szakmabeliek r\u00e9sz\u00e9re<\/h2>\n<p>Ezalatt a men\u00fcpont alatt feltett sz\u00e1nd\u00e9kom, hogy a k\u00f6zelj\u00f6v\u0151ben egyfajta k\u00f6z\u00e9rdek\u0171 tud\u00e1st\u00e1rat fogok felhalmozni itt, ami nagyban megk\u00f6nny\u00edti az \u00e9let\u00fcnket! Sz\u00edvesen veszek b\u00e1rmif\u00e9le visszajelz\u00e9st, seg\u00edts\u00e9get, jobb\u00edt\u00f3 sz\u00e1nd\u00e9kot!<\/p>\n","protected":false},"excerpt":{"rendered":"<p>Seg\u00edts\u00e9g \u00fcgyfelek r\u00e9sz\u00e9re Pr\u00f3b\u00e1ltam \u00f6sszeszedni azokra a k\u00e9rd\u00e9sekre a v\u00e1laszokat, amik a hozz\u00e1m fordul\u00f3 \u00fcgyfeleknek a legfontosabbak, illetve amit sz\u00e1momra fontos a mindkett\u0151nknek sikeres \u00e9s gy\u00fcm\u00f6lcs\u00f6z\u0151 munka szempontj\u00e1b\u00f3l! K\u00e9rlek, keresd meg a t\u00e9ged \u00e9rdekl\u0151 r\u00e9szt, ezzel nagyban megk\u00f6nny\u00edtj\u00fck mindkett\u0151nk \u00e9let\u00e9t! &hellip; <a href=\"https:\/\/www.kodacx.hu\/?page_id=34\">Egy kattint\u00e1s ide a folytat\u00e1shoz&#8230;. <span class=\"meta-nav\">&rarr;<\/span><\/a><\/p>\n","protected":false},"author":1,"featured_media":0,"parent":0,"menu_order":4,"comment_status":"closed","ping_status":"closed","template":"showcase.php","meta":{"_monsterinsights_skip_tracking":false,"_monsterinsights_sitenote_active":false,"_monsterinsights_sitenote_note":"","_monsterinsights_sitenote_category":0,"footnotes":""},"class_list":["post-34","page","type-page","status-publish","hentry"],"yoast_head":"<!-- This site is optimized with the Yoast SEO plugin v27.4 - https:\/\/yoast.com\/product\/yoast-seo-wordpress\/ -->\n<title>SEG\u00cdTS\u00c9G &#8212; kodacx design<\/title>\n<meta name=\"description\" content=\"kodacx design - Kov\u00e1cs D\u00e1niel magyar alkalmazott grafikus \/ hungarian graphic designer\" \/>\n<meta name=\"robots\" content=\"index, follow, max-snippet:-1, max-image-preview:large, max-video-preview:-1\" \/>\n<link rel=\"canonical\" href=\"https:\/\/www.kodacx.hu\/?page_id=34\" \/>\n<meta property=\"og:locale\" content=\"hu_HU\" \/>\n<meta property=\"og:type\" content=\"article\" \/>\n<meta property=\"og:title\" content=\"SEG\u00cdTS\u00c9G &#8212; kodacx design\" \/>\n<meta property=\"og:description\" content=\"kodacx design - Kov\u00e1cs D\u00e1niel magyar alkalmazott grafikus \/ hungarian graphic designer\" \/>\n<meta property=\"og:url\" content=\"https:\/\/www.kodacx.hu\/?page_id=34\" \/>\n<meta property=\"og:site_name\" content=\"kodacx design\" \/>\n<meta property=\"article:publisher\" content=\"https:\/\/www.facebook.com\/kodacx\" \/>\n<meta property=\"article:modified_time\" content=\"2018-05-16T12:19:51+00:00\" \/>\n<meta name=\"twitter:card\" content=\"summary_large_image\" \/>\n<meta name=\"twitter:label1\" content=\"Becs\u00fclt olvas\u00e1si id\u0151\" \/>\n\t<meta name=\"twitter:data1\" content=\"1 perc\" \/>\n<script type=\"application\/ld+json\" class=\"yoast-schema-graph\">{\"@context\":\"https:\\\/\\\/schema.org\",\"@graph\":[{\"@type\":\"WebPage\",\"@id\":\"https:\\\/\\\/www.kodacx.hu\\\/?page_id=34\",\"url\":\"https:\\\/\\\/www.kodacx.hu\\\/?page_id=34\",\"name\":\"SEG\u00cdTS\u00c9G &#8212; kodacx design\",\"isPartOf\":{\"@id\":\"https:\\\/\\\/www.kodacx.hu\\\/#website\"},\"datePublished\":\"2013-04-15T14:18:18+00:00\",\"dateModified\":\"2018-05-16T12:19:51+00:00\",\"description\":\"kodacx design - Kov\u00e1cs D\u00e1niel magyar alkalmazott grafikus \\\/ hungarian graphic designer\",\"breadcrumb\":{\"@id\":\"https:\\\/\\\/www.kodacx.hu\\\/?page_id=34#breadcrumb\"},\"inLanguage\":\"hu\",\"potentialAction\":[{\"@type\":\"ReadAction\",\"target\":[\"https:\\\/\\\/www.kodacx.hu\\\/?page_id=34\"]}]},{\"@type\":\"BreadcrumbList\",\"@id\":\"https:\\\/\\\/www.kodacx.hu\\\/?page_id=34#breadcrumb\",\"itemListElement\":[{\"@type\":\"ListItem\",\"position\":1,\"name\":\"Home\",\"item\":\"https:\\\/\\\/www.kodacx.hu\\\/\"},{\"@type\":\"ListItem\",\"position\":2,\"name\":\"SEG\u00cdTS\u00c9G\"}]},{\"@type\":\"WebSite\",\"@id\":\"https:\\\/\\\/www.kodacx.hu\\\/#website\",\"url\":\"https:\\\/\\\/www.kodacx.hu\\\/\",\"name\":\"kodacx design\",\"description\":\"Kov\u00e1cs D\u00e1niel &quot;kodacx&quot; alkalmazott grafikus\",\"publisher\":{\"@id\":\"https:\\\/\\\/www.kodacx.hu\\\/#\\\/schema\\\/person\\\/3d9b63c6491c0b4ca008cffa6b66b384\"},\"potentialAction\":[{\"@type\":\"SearchAction\",\"target\":{\"@type\":\"EntryPoint\",\"urlTemplate\":\"https:\\\/\\\/www.kodacx.hu\\\/?s={search_term_string}\"},\"query-input\":{\"@type\":\"PropertyValueSpecification\",\"valueRequired\":true,\"valueName\":\"search_term_string\"}}],\"inLanguage\":\"hu\"},{\"@type\":[\"Person\",\"Organization\"],\"@id\":\"https:\\\/\\\/www.kodacx.hu\\\/#\\\/schema\\\/person\\\/3d9b63c6491c0b4ca008cffa6b66b384\",\"name\":\"kodacx\",\"image\":{\"@type\":\"ImageObject\",\"inLanguage\":\"hu\",\"@id\":\"https:\\\/\\\/www.kodacx.hu\\\/wp-content\\\/uploads\\\/2019\\\/10\\\/kodacx-design-uj-logo-512\u00d7512.jpg\",\"url\":\"https:\\\/\\\/www.kodacx.hu\\\/wp-content\\\/uploads\\\/2019\\\/10\\\/kodacx-design-uj-logo-512\u00d7512.jpg\",\"contentUrl\":\"https:\\\/\\\/www.kodacx.hu\\\/wp-content\\\/uploads\\\/2019\\\/10\\\/kodacx-design-uj-logo-512\u00d7512.jpg\",\"width\":512,\"height\":512,\"caption\":\"kodacx\"},\"logo\":{\"@id\":\"https:\\\/\\\/www.kodacx.hu\\\/wp-content\\\/uploads\\\/2019\\\/10\\\/kodacx-design-uj-logo-512\u00d7512.jpg\"},\"description\":\"Kov\u00e1cs D\u00e1niel kodacx, budapesti alkalmazott grafikus vagyok. 2006-ban v\u00e9geztem az \u00d3budai K\u00e9pz\u0151m\u0171v\u00e9szeti Szakk\u00f6z\u00e9pben, Gerhes G\u00e1bor tan\u00edtv\u00e1nyak\u00e9nt. F\u0151bb ter\u00fcleteim: arculat tervez\u00e9s, grafikai tervez\u00e9s, t\u00f6rdel\u00e9s, illusztr\u00e1ci\u00f3k, tudom\u00e1nyos illusztr\u00e1ci\u00f3k, webes alkalmaz\u00e1sok, rekl\u00e1mok, honlapok grafikai anyagainak elk\u00e9sz\u00edt\u00e9se, WP honlapok k\u00e9sz\u00edt\u00e9se \u00e9s \u00e1talak\u00edt\u00e1sa\",\"sameAs\":[\"http:\\\/\\\/kodacx.hu\",\"https:\\\/\\\/www.facebook.com\\\/kodacx\",\"https:\\\/\\\/www.linkedin.com\\\/in\\\/dniel-kovcs-96429016\\\/\"]}]}<\/script>\n<!-- \/ Yoast SEO plugin. -->","yoast_head_json":{"title":"SEG\u00cdTS\u00c9G &#8212; kodacx design","description":"kodacx design - Kov\u00e1cs D\u00e1niel magyar alkalmazott grafikus \/ hungarian graphic designer","robots":{"index":"index","follow":"follow","max-snippet":"max-snippet:-1","max-image-preview":"max-image-preview:large","max-video-preview":"max-video-preview:-1"},"canonical":"https:\/\/www.kodacx.hu\/?page_id=34","og_locale":"hu_HU","og_type":"article","og_title":"SEG\u00cdTS\u00c9G &#8212; kodacx design","og_description":"kodacx design - Kov\u00e1cs D\u00e1niel magyar alkalmazott grafikus \/ hungarian graphic designer","og_url":"https:\/\/www.kodacx.hu\/?page_id=34","og_site_name":"kodacx design","article_publisher":"https:\/\/www.facebook.com\/kodacx","article_modified_time":"2018-05-16T12:19:51+00:00","twitter_card":"summary_large_image","twitter_misc":{"Becs\u00fclt olvas\u00e1si id\u0151":"1 perc"},"schema":{"@context":"https:\/\/schema.org","@graph":[{"@type":"WebPage","@id":"https:\/\/www.kodacx.hu\/?page_id=34","url":"https:\/\/www.kodacx.hu\/?page_id=34","name":"SEG\u00cdTS\u00c9G &#8212; kodacx design","isPartOf":{"@id":"https:\/\/www.kodacx.hu\/#website"},"datePublished":"2013-04-15T14:18:18+00:00","dateModified":"2018-05-16T12:19:51+00:00","description":"kodacx design - Kov\u00e1cs D\u00e1niel magyar alkalmazott grafikus \/ hungarian graphic designer","breadcrumb":{"@id":"https:\/\/www.kodacx.hu\/?page_id=34#breadcrumb"},"inLanguage":"hu","potentialAction":[{"@type":"ReadAction","target":["https:\/\/www.kodacx.hu\/?page_id=34"]}]},{"@type":"BreadcrumbList","@id":"https:\/\/www.kodacx.hu\/?page_id=34#breadcrumb","itemListElement":[{"@type":"ListItem","position":1,"name":"Home","item":"https:\/\/www.kodacx.hu\/"},{"@type":"ListItem","position":2,"name":"SEG\u00cdTS\u00c9G"}]},{"@type":"WebSite","@id":"https:\/\/www.kodacx.hu\/#website","url":"https:\/\/www.kodacx.hu\/","name":"kodacx design","description":"Kov\u00e1cs D\u00e1niel &quot;kodacx&quot; alkalmazott grafikus","publisher":{"@id":"https:\/\/www.kodacx.hu\/#\/schema\/person\/3d9b63c6491c0b4ca008cffa6b66b384"},"potentialAction":[{"@type":"SearchAction","target":{"@type":"EntryPoint","urlTemplate":"https:\/\/www.kodacx.hu\/?s={search_term_string}"},"query-input":{"@type":"PropertyValueSpecification","valueRequired":true,"valueName":"search_term_string"}}],"inLanguage":"hu"},{"@type":["Person","Organization"],"@id":"https:\/\/www.kodacx.hu\/#\/schema\/person\/3d9b63c6491c0b4ca008cffa6b66b384","name":"kodacx","image":{"@type":"ImageObject","inLanguage":"hu","@id":"https:\/\/www.kodacx.hu\/wp-content\/uploads\/2019\/10\/kodacx-design-uj-logo-512\u00d7512.jpg","url":"https:\/\/www.kodacx.hu\/wp-content\/uploads\/2019\/10\/kodacx-design-uj-logo-512\u00d7512.jpg","contentUrl":"https:\/\/www.kodacx.hu\/wp-content\/uploads\/2019\/10\/kodacx-design-uj-logo-512\u00d7512.jpg","width":512,"height":512,"caption":"kodacx"},"logo":{"@id":"https:\/\/www.kodacx.hu\/wp-content\/uploads\/2019\/10\/kodacx-design-uj-logo-512\u00d7512.jpg"},"description":"Kov\u00e1cs D\u00e1niel kodacx, budapesti alkalmazott grafikus vagyok. 2006-ban v\u00e9geztem az \u00d3budai K\u00e9pz\u0151m\u0171v\u00e9szeti Szakk\u00f6z\u00e9pben, Gerhes G\u00e1bor tan\u00edtv\u00e1nyak\u00e9nt. F\u0151bb ter\u00fcleteim: arculat tervez\u00e9s, grafikai tervez\u00e9s, t\u00f6rdel\u00e9s, illusztr\u00e1ci\u00f3k, tudom\u00e1nyos illusztr\u00e1ci\u00f3k, webes alkalmaz\u00e1sok, rekl\u00e1mok, honlapok grafikai anyagainak elk\u00e9sz\u00edt\u00e9se, WP honlapok k\u00e9sz\u00edt\u00e9se \u00e9s \u00e1talak\u00edt\u00e1sa","sameAs":["http:\/\/kodacx.hu","https:\/\/www.facebook.com\/kodacx","https:\/\/www.linkedin.com\/in\/dniel-kovcs-96429016\/"]}]}},"_links":{"self":[{"href":"https:\/\/www.kodacx.hu\/index.php?rest_route=\/wp\/v2\/pages\/34","targetHints":{"allow":["GET"]}}],"collection":[{"href":"https:\/\/www.kodacx.hu\/index.php?rest_route=\/wp\/v2\/pages"}],"about":[{"href":"https:\/\/www.kodacx.hu\/index.php?rest_route=\/wp\/v2\/types\/page"}],"author":[{"embeddable":true,"href":"https:\/\/www.kodacx.hu\/index.php?rest_route=\/wp\/v2\/users\/1"}],"replies":[{"embeddable":true,"href":"https:\/\/www.kodacx.hu\/index.php?rest_route=%2Fwp%2Fv2%2Fcomments&post=34"}],"version-history":[{"count":9,"href":"https:\/\/www.kodacx.hu\/index.php?rest_route=\/wp\/v2\/pages\/34\/revisions"}],"predecessor-version":[{"id":216,"href":"https:\/\/www.kodacx.hu\/index.php?rest_route=\/wp\/v2\/pages\/34\/revisions\/216"}],"wp:attachment":[{"href":"https:\/\/www.kodacx.hu\/index.php?rest_route=%2Fwp%2Fv2%2Fmedia&parent=34"}],"curies":[{"name":"wp","href":"https:\/\/api.w.org\/{rel}","templated":true}]}}

SEGÍTSÉG

<h2>Segítség ügyfelek részére</h2>
<p>Próbáltam összeszedni azokra a kérdésekre a válaszokat, amik a hozzám forduló ügyfeleknek a legfontosabbak, illetve amit számomra fontos a mindkettőnknek sikeres és gyümölcsöző munka szempontjából!<br />
Kérlek, keresd meg a téged érdeklő részt, ezzel nagyban megkönnyítjük mindkettőnk életét! Ha nem találod meg a megfelelő segítséget, jelezd nyugodtan, nekem is az az érdekem, hogy minél átfogóbb információk álljanak a rendelkezésedre!</p>
<h2>Segítség szakmabeliek részére</h2>
<p>Ezalatt a menüpont alatt feltett szándékom, hogy a közeljövőben egyfajta közérdekű tudástárat fogok felhalmozni itt, ami nagyban megkönnyíti az életünket! Szívesen veszek bármiféle visszajelzést, segítséget, jobbító szándékot!</p>

<p>Segítség ügyfelek részére Próbáltam összeszedni azokra a kérdésekre a válaszokat, amik a hozzám forduló ügyfeleknek a legfontosabbak, illetve amit számomra fontos a mindkettőnknek sikeres és gyümölcsöző munka szempontjából! Kérlek, keresd meg a téged érdeklő részt, ezzel nagyban megkönnyítjük mindkettőnk életét! &hellip; <a href="https://www.kodacx.hu/?page_id=34">Egy kattintás ide a folytatáshoz&#8230;. <span class="meta-nav">&rarr;</span></a></p>

<!-- This site is optimized with the Yoast SEO plugin v27.4 - https://yoast.com/product/yoast-seo-wordpress/ -->
<title>SEGÍTSÉG &#8212; kodacx design</title>
<meta name="description" content="kodacx design - Kovács Dániel magyar alkalmazott grafikus / hungarian graphic designer" />
<meta name="robots" content="index, follow, max-snippet:-1, max-image-preview:large, max-video-preview:-1" />
<link rel="canonical" href="https://www.kodacx.hu/?page_id=34" />
<meta property="og:locale" content="hu_HU" />
<meta property="og:type" content="article" />
<meta property="og:title" content="SEGÍTSÉG &#8212; kodacx design" />
<meta property="og:description" content="kodacx design - Kovács Dániel magyar alkalmazott grafikus / hungarian graphic designer" />
<meta property="og:url" content="https://www.kodacx.hu/?page_id=34" />
<meta property="og:site_name" content="kodacx design" />
<meta property="article:publisher" content="https://www.facebook.com/kodacx" />
<meta property="article:modified_time" content="2018-05-16T12:19:51+00:00" />
<meta name="twitter:card" content="summary_large_image" />
<meta name="twitter:label1" content="Becsült olvasási idő" />
	<meta name="twitter:data1" content="1 perc" />
<script type="application/ld+json" class="yoast-schema-graph">{"@context":"https:\/\/schema.org","@graph":[{"@type":"WebPage","@id":"https:\/\/www.kodacx.hu\/?page_id=34","url":"https:\/\/www.kodacx.hu\/?page_id=34","name":"SEGÍTSÉG &#8212; kodacx design","isPartOf":{"@id":"https:\/\/www.kodacx.hu\/#website"},"datePublished":"2013-04-15T14:18:18+00:00","dateModified":"2018-05-16T12:19:51+00:00","description":"kodacx design - Kovács Dániel magyar alkalmazott grafikus \/ hungarian graphic designer","breadcrumb":{"@id":"https:\/\/www.kodacx.hu\/?page_id=34#breadcrumb"},"inLanguage":"hu","potentialAction":[{"@type":"ReadAction","target":["https:\/\/www.kodacx.hu\/?page_id=34"]}]},{"@type":"BreadcrumbList","@id":"https:\/\/www.kodacx.hu\/?page_id=34#breadcrumb","itemListElement":[{"@type":"ListItem","position":1,"name":"Home","item":"https:\/\/www.kodacx.hu\/"},{"@type":"ListItem","position":2,"name":"SEGÍTSÉG"}]},{"@type":"WebSite","@id":"https:\/\/www.kodacx.hu\/#website","url":"https:\/\/www.kodacx.hu\/","name":"kodacx design","description":"Kovács Dániel &quot;kodacx&quot; alkalmazott grafikus","publisher":{"@id":"https:\/\/www.kodacx.hu\/#\/schema\/person\/3d9b63c6491c0b4ca008cffa6b66b384"},"potentialAction":[{"@type":"SearchAction","target":{"@type":"EntryPoint","urlTemplate":"https:\/\/www.kodacx.hu\/?s={search_term_string}"},"query-input":{"@type":"PropertyValueSpecification","valueRequired":true,"valueName":"search_term_string"}}],"inLanguage":"hu"},{"@type":["Person","Organization"],"@id":"https:\/\/www.kodacx.hu\/#\/schema\/person\/3d9b63c6491c0b4ca008cffa6b66b384","name":"kodacx","image":{"@type":"ImageObject","inLanguage":"hu","@id":"https:\/\/www.kodacx.hu\/wp-content\/uploads\/2019\/10\/kodacx-design-uj-logo-512×512.jpg","url":"https:\/\/www.kodacx.hu\/wp-content\/uploads\/2019\/10\/kodacx-design-uj-logo-512×512.jpg","contentUrl":"https:\/\/www.kodacx.hu\/wp-content\/uploads\/2019\/10\/kodacx-design-uj-logo-512×512.jpg","width":512,"height":512,"caption":"kodacx"},"logo":{"@id":"https:\/\/www.kodacx.hu\/wp-content\/uploads\/2019\/10\/kodacx-design-uj-logo-512×512.jpg"},"description":"Kovács Dániel kodacx, budapesti alkalmazott grafikus vagyok. 2006-ban végeztem az Óbudai Képzőművészeti Szakközépben, Gerhes Gábor tanítványaként. Főbb területeim: arculat tervezés, grafikai tervezés, tördelés, illusztrációk, tudományos illusztrációk, webes alkalmazások, reklámok, honlapok grafikai anyagainak elkészítése, WP honlapok készítése és átalakítása","sameAs":["http:\/\/kodacx.hu","https:\/\/www.facebook.com\/kodacx","https:\/\/www.linkedin.com\/in\/dniel-kovcs-96429016\/"]}]}</script>
<!-- / Yoast SEO plugin. -->

SEGÍTSÉG &#8212; kodacx design

kodacx design - Kovács Dániel magyar alkalmazott grafikus / hungarian graphic designer

Kovács Dániel &quot;kodacx&quot; alkalmazott grafikus

Kovács Dániel kodacx, budapesti alkalmazott grafikus vagyok. 2006-ban végeztem az Óbudai Képzőművészeti Szakközépben, Gerhes Gábor tanítványaként. Főbb területeim: arculat tervezés, grafikai tervezés, tördelés, illusztrációk, tudományos illusztrációk, webes alkalmazások, reklámok, honlapok grafikai anyagainak elkészítése, WP honlapok készítése és átalakítása
