{"id":220,"date":"2016-07-08T21:06:59","date_gmt":"2016-07-08T19:06:59","guid":{"rendered":"https:\/\/www.kodacx.hu\/?page_id=220"},"modified":"2018-05-16T14:19:51","modified_gmt":"2018-05-16T12:19:51","slug":"szakmabelieknek","status":"publish","type":"page","link":"https:\/\/www.kodacx.hu\/?page_id=220","title":{"rendered":"Szakmabelieknek"},"content":{"rendered":"<p><a href=\"#papirmeretek\">Pap\u00edrm\u00e9retek<\/a><\/p>\n<h2 id=\"papirmeretek\">Pap\u00edrm\u00e9retek<\/h2>\n<h3>az A sorozat:<\/h3>\n<p>&#8211; az oldalak ar\u00e1nya itt: x \u00d7 y = 1, vagyis x \/ y = \u221a2<br \/>\n&#8211; az A0 ter\u00fclete 1 m2, a per jel ut\u00e1ni sz\u00e1m mutatja, h\u00e1nyszor kell az alap-\u00edvet f\u00e9lbe hajtani, teh\u00e1t a k\u00f6vetkez\u0151 m\u00e9retet a hosszabbik oldal felez\u00e9s\u00e9vel kapjuk, a 0.5 mm-eket lefel\u00e9 kerek\u00edtj\u00fck<\/p>\n<h3>a B sorozat:<\/h3>\n<p>&#8211; az A ar\u00e1nyaival megegyez\u0151, annak a fed\u0151 sorozata, az oldalak ar\u00e1nya itt is x \/ y = \u221a2<br \/>\n&#8211; itt a kisebbik oldal 1 m<br \/>\n&#8211; \u00edgy minden A-s k\u00f6z\u00e9 esik egy B-s<\/p>\n<h3>a BB sorozat:<\/h3>\n<p>&#8211; a B-s \u00e9rt\u00e9kekb\u0151l kialak\u00edtott, kerek \u00e9rt\u00e9kre v\u00e1gott sor<\/p>\n<h3>a C sorozat:<\/h3>\n<p>&#8211; ezek val\u00f3j\u00e1ban a bor\u00edt\u00e9km\u00e9retek<br \/>\n&#8211; \u00fagy adt\u00e1k meg, hogy pld. egy C\/4-es bor\u00edt\u00e9kba k\u00e9nyelmesen belef\u00e9r egy A\/4-es pap\u00edr<br \/>\n&#8211; csak 0-t\u00f3l 8-ig van, ann\u00e1l kisebbnek nincs \u00e9rtelme<br \/>\n&#8211; van elt\u00e9r\u0151 is, pld. az LA\/4-es, amibe az A\/4-es pap\u00edr h\u00e1romfel\u00e9 hajtva f\u00e9r bele,<br \/>\nHIVATALOS LEVELEKN\u00c9L CSAK ILYET LENNE SZABAD HASZN\u00c1LNI!<\/p>\n<h3>az NA \u00e9s NB sorozat:<\/h3>\n<p>&#8211; az N itt azt jelenti, &#8220;NYERS&#8221;<br \/>\n&#8211; akkor c\u00e9lszer\u0171ek, amikor olyan dologra haszn\u00e1lj\u00e1k, ami a sz\u00e9l\u00e9n\u00e9l van valahogy r\u00f6gz\u00edtve \u00e9s m\u0171 (m\u0171szaki rajz, rajz, stb.) elk\u00e9sz\u00fclte ut\u00e1n v\u00e1gj\u00e1k m\u00e9retre<br \/>\n&#8211; csak n\u00e9gytag\u00faak<\/p>\n<h3>a Fr (francia) sorozat:<\/h3>\n<p>&#8211; egyes k\u00f6nyvekn\u00e9l haszn\u00e1lj\u00e1k, hossz\u00fak\u00e1s, j\u00f3l k\u00e9zben tarthat\u00f3<\/p>\n<h3>az &#8220;\u00e1tlagos&#8221;, szabv\u00e1ny N\u00c9VJEGY 90\u00d750 mm<\/h3>\n<p>&#8211; ez a Magyarorsz\u00e1gon elterjedt leggyakoribb m\u00e9ret, nem nemzetk\u00f6zi<\/p>\n<table width=\"1266\">\n<tbody>\n<tr>\n<td><strong>\u00a0<\/strong><\/td>\n<td width=\"173\"><strong>A<\/strong><br \/>\n<strong>(mm)<\/strong><\/td>\n<td width=\"173\"><strong>B<\/strong><br \/>\n<strong>(mm)<\/strong><\/td>\n<td width=\"173\"><strong>BB<\/strong><br \/>\n<strong>(mm)<\/strong><\/td>\n<td width=\"173\"><strong>C<\/strong><br \/>\n<strong>(mm)<\/strong><\/td>\n<td width=\"173\"><strong>NA<\/strong><br \/>\n<strong>(mm)<\/strong><\/td>\n<td width=\"173\"><strong>NB<\/strong><br \/>\n<strong>(mm)<\/strong><\/td>\n<td width=\"173\"><strong>Fr<\/strong><\/p>\n<p><strong>(mm)<\/strong><\/td>\n<\/tr>\n<tr>\n<td><strong>..\/0<\/strong><\/td>\n<td width=\"173\"><strong>841\u00d71189<\/strong><\/td>\n<td width=\"173\"><strong>1000\u00d71414<\/strong><\/td>\n<td width=\"173\"><strong>1000\u00d71400<\/strong><\/td>\n<td width=\"173\"><strong>917\u00d71297<\/strong><\/td>\n<td width=\"173\"><strong>860\u00d71220<\/strong><\/td>\n<td width=\"173\"><strong>1030\u00d71450<\/strong><\/td>\n<td width=\"173\"><strong>780\u00d71040<\/strong><\/td>\n<\/tr>\n<tr>\n<td><strong>..\/1<\/strong><\/td>\n<td width=\"173\"><strong>594\u00d7841<\/strong><\/td>\n<td width=\"173\"><strong>707\u00d71000<\/strong><\/td>\n<td width=\"173\"><strong>700\u00d71000<\/strong><\/td>\n<td width=\"173\"><strong>648\u00d7917<\/strong><\/td>\n<td width=\"173\"><strong>610\u00d7860<\/strong><\/td>\n<td width=\"173\"><strong>725\u00d71030<\/strong><\/td>\n<td width=\"173\"><strong>520\u00d7780<\/strong><\/td>\n<\/tr>\n<tr>\n<td><strong>..\/2<\/strong><\/td>\n<td width=\"173\"><strong>420\u00d7594<\/strong><\/td>\n<td width=\"173\"><strong>500\u00d7707<\/strong><\/td>\n<td width=\"173\"><strong>500\u00d7700<\/strong><\/td>\n<td width=\"173\"><strong>458\u00d7648<\/strong><\/td>\n<td width=\"173\"><strong>430\u00d7610<\/strong><\/td>\n<td width=\"173\"><strong>515\u00d7725<\/strong><\/td>\n<td width=\"173\"><strong>390\u00d7520<\/strong><\/td>\n<\/tr>\n<tr>\n<td><strong>..\/3<\/strong><\/td>\n<td width=\"173\"><strong>297\u00d7420<\/strong><\/td>\n<td width=\"173\"><strong>353\u00d7500<\/strong><\/td>\n<td width=\"173\"><strong>350\u00d7500<\/strong><\/td>\n<td width=\"173\"><strong>324\u00d7458<\/strong><\/td>\n<td width=\"173\"><strong>305\u00d7430<\/strong><\/td>\n<td width=\"173\"><strong>362\u00d7515<\/strong><\/td>\n<td width=\"173\"><strong>260\u00d7390<\/strong><\/td>\n<\/tr>\n<tr>\n<td><strong>..\/4<\/strong><\/td>\n<td width=\"173\"><strong>210\u00d7297<\/strong><\/td>\n<td width=\"173\"><strong>250\u00d7353<\/strong><\/td>\n<td width=\"173\"><strong>250\u00d7350<\/strong><\/td>\n<td width=\"173\"><strong>229\u00d7324<\/strong><\/td>\n<td width=\"173\"><strong>&#8211;<\/strong><\/td>\n<td width=\"173\"><strong>&#8211;<\/strong><\/td>\n<td width=\"173\"><strong>195\u00d7260<\/strong><\/td>\n<\/tr>\n<tr>\n<td><strong>..\/5<\/strong><\/td>\n<td width=\"173\"><strong>148\u00d7210<\/strong><\/td>\n<td width=\"173\"><strong>176\u00d7250<\/strong><\/td>\n<td width=\"173\"><strong>175\u00d7250<\/strong><\/td>\n<td width=\"173\"><strong>162\u00d7229<\/strong><\/td>\n<td width=\"173\"><strong>&#8211;<\/strong><\/td>\n<td width=\"173\"><strong>&#8211;<\/strong><\/td>\n<td width=\"173\"><strong>130\u00d7195<\/strong><\/td>\n<\/tr>\n<tr>\n<td><strong>..\/6<\/strong><\/td>\n<td width=\"173\"><strong>105\u00d7148<\/strong><\/td>\n<td width=\"173\"><strong>125\u00d7176<\/strong><\/td>\n<td width=\"173\"><strong>125\u00d7175<\/strong><\/td>\n<td width=\"173\"><strong>114\u00d7162<\/strong><\/td>\n<td width=\"173\"><strong>&#8211;<\/strong><\/td>\n<td width=\"173\"><strong>&#8211;<\/strong><\/td>\n<td width=\"173\"><strong>97\u00d7130<\/strong><\/td>\n<\/tr>\n<tr>\n<td><strong>..\/7<\/strong><\/td>\n<td width=\"173\"><strong>74\u00d7105<\/strong><\/td>\n<td width=\"173\"><strong>88\u00d7125<\/strong><\/td>\n<td width=\"173\"><strong>87\u00d7125<\/strong><\/td>\n<td width=\"173\"><strong>81\u00d7114<\/strong><\/td>\n<td width=\"173\"><strong>&#8211;<\/strong><\/td>\n<td width=\"173\"><strong>&#8211;<\/strong><\/td>\n<td width=\"173\"><strong>65\u00d797<\/strong><\/td>\n<\/tr>\n<tr>\n<td><strong>..\/8<\/strong><\/td>\n<td width=\"173\"><strong>52\u00d774<\/strong><\/td>\n<td width=\"173\"><strong>62\u00d788<\/strong><\/td>\n<td width=\"173\"><strong>62\u00d787<\/strong><\/td>\n<td width=\"173\"><strong>57\u00d781<\/strong><\/td>\n<td width=\"173\"><strong>&#8211;<\/strong><\/td>\n<td width=\"173\"><strong>&#8211;<\/strong><\/td>\n<td width=\"173\"><strong>48\u00d765<\/strong><\/td>\n<\/tr>\n<tr>\n<td><strong>..\/9<\/strong><\/td>\n<td width=\"173\"><strong>37\u00d752<\/strong><\/td>\n<td width=\"173\"><strong>44\u00d762<\/strong><\/td>\n<td width=\"173\"><strong>43\u00d762<\/strong><\/td>\n<td width=\"173\"><strong>&#8211;<\/strong><\/td>\n<td width=\"173\"><strong>&#8211;<\/strong><\/td>\n<td width=\"173\"><strong>&#8211;<\/strong><\/td>\n<td width=\"173\"><strong>&#8211;<\/strong><\/td>\n<\/tr>\n<\/tbody>\n<\/table>\n<p>&nbsp;<\/p>\n<h3>hagyom\u00e1nyos z\u00e1r\u00e1s\u00fa bor\u00edt\u00e9kok, tasakok:<\/h3>\n<table>\n<tbody>\n<tr>\n<td width=\"147\"><strong>Bor\u00edt\u00e9k<\/strong><\/td>\n<td width=\"147\"><strong>LC\/6<\/strong><\/td>\n<td width=\"147\"><strong>114\u00d7162<\/strong><\/td>\n<td width=\"147\"><strong>35\u00d790<\/strong><\/td>\n<\/tr>\n<tr>\n<td width=\"147\"><strong>Bor\u00edt\u00e9k<\/strong><\/td>\n<td width=\"147\"><strong>LA\/4<\/strong><\/td>\n<td width=\"147\"><strong>110\u00d7220<\/strong><\/td>\n<td width=\"147\"><strong>35\u00d790<\/strong><\/td>\n<\/tr>\n<tr>\n<td width=\"147\"><strong>Bor\u00edt\u00e9k<\/strong><\/td>\n<td width=\"147\"><strong>C\/6 C\/5<\/strong><\/td>\n<td width=\"147\"><strong>114\u00d7229<\/strong><\/td>\n<td width=\"147\"><strong>35\u00d790<\/strong><\/td>\n<\/tr>\n<tr>\n<td width=\"147\"><strong>Bor\u00edt\u00e9k<\/strong><\/td>\n<td width=\"147\"><strong>LC\/5<\/strong><\/td>\n<td width=\"147\"><strong>162\u00d7229<\/strong><\/td>\n<td width=\"147\"><strong>35\u00d790<\/strong><\/td>\n<\/tr>\n<tr>\n<td width=\"147\"><strong>Bor\u00edt\u00e9k<\/strong><\/td>\n<td width=\"147\"><strong>LC\/4<\/strong><\/td>\n<td width=\"147\"><strong>229\u00d7334<\/strong><\/td>\n<td width=\"147\"><strong>&#8211;<\/strong><\/td>\n<\/tr>\n<tr>\n<td width=\"147\"><strong>Tasak<\/strong><\/td>\n<td width=\"147\"><strong>TC\/5<\/strong><\/td>\n<td width=\"147\"><strong>162\u00d7229<\/strong><\/td>\n<td width=\"147\"><strong>&#8211;<\/strong><\/td>\n<\/tr>\n<tr>\n<td width=\"147\"><strong>Tasak<\/strong><\/td>\n<td width=\"147\"><strong>TC\/4<\/strong><\/td>\n<td width=\"147\"><strong>229\u00d7324<\/strong><\/td>\n<td width=\"147\"><strong>&#8211;<\/strong><\/td>\n<\/tr>\n<tr>\n<td width=\"147\"><strong>Tasak<\/strong><\/td>\n<td width=\"147\"><strong>TB\/4<\/strong><\/td>\n<td width=\"147\"><strong>250\u00d7353<\/strong><\/td>\n<td width=\"147\"><strong>&#8211;<\/strong><\/td>\n<\/tr>\n<\/tbody>\n<\/table>\n<p>&nbsp;<\/p>\n<h3>\u00f6ntapad\u00f3s \u00e9s szilikonos z\u00e1r\u00e1s\u00fa bor\u00edt\u00e9kok, tasakok:<\/h3>\n<table width=\"100%\">\n<tbody>\n<tr>\n<td width=\"27%\"><strong>Bor\u00edt\u00e9k<\/strong><\/td>\n<td width=\"19%\"><strong>LC\/6<\/strong><\/td>\n<td width=\"29%\"><strong>114\u00d7162<\/strong><\/td>\n<td width=\"22%\"><strong>35\u00d790<\/strong><\/td>\n<\/tr>\n<tr>\n<td width=\"27%\"><strong>Bor\u00edt\u00e9k<\/strong><\/td>\n<td width=\"19%\"><strong>LA\/4<\/strong><\/td>\n<td width=\"29%\"><strong>110\u00d7220<\/strong><\/td>\n<td width=\"22%\"><strong>35\u00d790<\/strong><\/td>\n<\/tr>\n<tr>\n<td width=\"27%\"><strong>Bor\u00edt\u00e9k<\/strong><\/td>\n<td width=\"19%\"><strong>LC\/5<\/strong><\/td>\n<td width=\"29%\"><strong>162\u00d7229<\/strong><\/td>\n<td width=\"22%\"><strong>35\u00d790<\/strong><\/td>\n<\/tr>\n<tr>\n<td width=\"27%\"><strong>Tasak<\/strong><\/td>\n<td width=\"19%\"><strong>TC\/5<\/strong><\/td>\n<td width=\"29%\"><strong>162\u00d7229<\/strong><\/td>\n<td width=\"22%\"><strong>&#8211;<\/strong><\/td>\n<\/tr>\n<tr>\n<td width=\"27%\"><strong>Tasak<\/strong><\/td>\n<td width=\"19%\"><strong>TC\/4<\/strong><\/td>\n<td width=\"29%\"><strong>229\u00d7324<\/strong><\/td>\n<td width=\"22%\"><strong>&#8211;<\/strong><\/td>\n<\/tr>\n<\/tbody>\n<\/table>\n<p>&nbsp;<\/p>\n<h3>Bor\u00edt\u00e9kok:<\/h3>\n<p><strong>LC\/6 (162&#215;114 mm)<\/strong><br \/>\n<strong> LA\/4 (220&#215;110 mm)<\/strong><br \/>\n<strong> C6\/C5 (229&#215;114 mm)<\/strong><br \/>\n<strong> LC\/5 (229&#215;162 mm)<\/strong><br \/>\n<strong> TB\/5 (176&#215;250 mm)<\/strong><br \/>\n<strong> TC\/4 (229&#215;324 mm)<\/strong><br \/>\n<strong> TB\/4 (250&#215;353 mm)<\/strong><\/p>\n","protected":false},"excerpt":{"rendered":"<p>Pap\u00edrm\u00e9retek Pap\u00edrm\u00e9retek az A sorozat: &#8211; az oldalak ar\u00e1nya itt: x \u00d7 y = 1, vagyis x \/ y = \u221a2 &#8211; az A0 ter\u00fclete 1 m2, a per jel ut\u00e1ni sz\u00e1m mutatja, h\u00e1nyszor kell az alap-\u00edvet f\u00e9lbe hajtani, teh\u00e1t &hellip; <a href=\"https:\/\/www.kodacx.hu\/?page_id=220\">Egy kattint\u00e1s ide a folytat\u00e1shoz&#8230;. <span class=\"meta-nav\">&rarr;<\/span><\/a><\/p>\n","protected":false},"author":1,"featured_media":0,"parent":34,"menu_order":42,"comment_status":"closed","ping_status":"closed","template":"","meta":{"_monsterinsights_skip_tracking":false,"_monsterinsights_sitenote_active":false,"_monsterinsights_sitenote_note":"","_monsterinsights_sitenote_category":0,"footnotes":""},"class_list":["post-220","page","type-page","status-publish","hentry"],"yoast_head":"<!-- This site is optimized with the Yoast SEO plugin v27.5 - https:\/\/yoast.com\/product\/yoast-seo-wordpress\/ -->\n<title>Szakmabelieknek &#8212; kodacx design<\/title>\n<meta name=\"description\" content=\"kodacx design - Kov\u00e1cs D\u00e1niel magyar alkalmazott grafikus \/ hungarian graphic designer\" \/>\n<meta name=\"robots\" content=\"index, follow, max-snippet:-1, max-image-preview:large, max-video-preview:-1\" \/>\n<link rel=\"canonical\" href=\"https:\/\/www.kodacx.hu\/?page_id=220\" \/>\n<meta property=\"og:locale\" content=\"hu_HU\" \/>\n<meta property=\"og:type\" content=\"article\" \/>\n<meta property=\"og:title\" content=\"Szakmabelieknek &#8212; kodacx design\" \/>\n<meta property=\"og:description\" content=\"kodacx design - Kov\u00e1cs D\u00e1niel magyar alkalmazott grafikus \/ hungarian graphic designer\" \/>\n<meta property=\"og:url\" content=\"https:\/\/www.kodacx.hu\/?page_id=220\" \/>\n<meta property=\"og:site_name\" content=\"kodacx design\" \/>\n<meta property=\"article:publisher\" content=\"https:\/\/www.facebook.com\/kodacx\" \/>\n<meta property=\"article:modified_time\" content=\"2018-05-16T12:19:51+00:00\" \/>\n<meta name=\"twitter:card\" content=\"summary_large_image\" \/>\n<meta name=\"twitter:label1\" content=\"Becs\u00fclt olvas\u00e1si id\u0151\" \/>\n\t<meta name=\"twitter:data1\" content=\"2 perc\" \/>\n<script type=\"application\/ld+json\" class=\"yoast-schema-graph\">{\"@context\":\"https:\\\/\\\/schema.org\",\"@graph\":[{\"@type\":\"WebPage\",\"@id\":\"https:\\\/\\\/www.kodacx.hu\\\/?page_id=220\",\"url\":\"https:\\\/\\\/www.kodacx.hu\\\/?page_id=220\",\"name\":\"Szakmabelieknek &#8212; kodacx design\",\"isPartOf\":{\"@id\":\"https:\\\/\\\/www.kodacx.hu\\\/#website\"},\"datePublished\":\"2016-07-08T19:06:59+00:00\",\"dateModified\":\"2018-05-16T12:19:51+00:00\",\"description\":\"kodacx design - Kov\u00e1cs D\u00e1niel magyar alkalmazott grafikus \\\/ hungarian graphic designer\",\"breadcrumb\":{\"@id\":\"https:\\\/\\\/www.kodacx.hu\\\/?page_id=220#breadcrumb\"},\"inLanguage\":\"hu\",\"potentialAction\":[{\"@type\":\"ReadAction\",\"target\":[\"https:\\\/\\\/www.kodacx.hu\\\/?page_id=220\"]}]},{\"@type\":\"BreadcrumbList\",\"@id\":\"https:\\\/\\\/www.kodacx.hu\\\/?page_id=220#breadcrumb\",\"itemListElement\":[{\"@type\":\"ListItem\",\"position\":1,\"name\":\"Home\",\"item\":\"https:\\\/\\\/www.kodacx.hu\\\/\"},{\"@type\":\"ListItem\",\"position\":2,\"name\":\"SEG\u00cdTS\u00c9G\",\"item\":\"https:\\\/\\\/www.kodacx.hu\\\/?page_id=34\"},{\"@type\":\"ListItem\",\"position\":3,\"name\":\"Szakmabelieknek\"}]},{\"@type\":\"WebSite\",\"@id\":\"https:\\\/\\\/www.kodacx.hu\\\/#website\",\"url\":\"https:\\\/\\\/www.kodacx.hu\\\/\",\"name\":\"kodacx design\",\"description\":\"Kov\u00e1cs D\u00e1niel &quot;kodacx&quot; alkalmazott grafikus\",\"publisher\":{\"@id\":\"https:\\\/\\\/www.kodacx.hu\\\/#\\\/schema\\\/person\\\/3d9b63c6491c0b4ca008cffa6b66b384\"},\"potentialAction\":[{\"@type\":\"SearchAction\",\"target\":{\"@type\":\"EntryPoint\",\"urlTemplate\":\"https:\\\/\\\/www.kodacx.hu\\\/?s={search_term_string}\"},\"query-input\":{\"@type\":\"PropertyValueSpecification\",\"valueRequired\":true,\"valueName\":\"search_term_string\"}}],\"inLanguage\":\"hu\"},{\"@type\":[\"Person\",\"Organization\"],\"@id\":\"https:\\\/\\\/www.kodacx.hu\\\/#\\\/schema\\\/person\\\/3d9b63c6491c0b4ca008cffa6b66b384\",\"name\":\"kodacx\",\"image\":{\"@type\":\"ImageObject\",\"inLanguage\":\"hu\",\"@id\":\"https:\\\/\\\/www.kodacx.hu\\\/wp-content\\\/uploads\\\/2019\\\/10\\\/kodacx-design-uj-logo-512\u00d7512.jpg\",\"url\":\"https:\\\/\\\/www.kodacx.hu\\\/wp-content\\\/uploads\\\/2019\\\/10\\\/kodacx-design-uj-logo-512\u00d7512.jpg\",\"contentUrl\":\"https:\\\/\\\/www.kodacx.hu\\\/wp-content\\\/uploads\\\/2019\\\/10\\\/kodacx-design-uj-logo-512\u00d7512.jpg\",\"width\":512,\"height\":512,\"caption\":\"kodacx\"},\"logo\":{\"@id\":\"https:\\\/\\\/www.kodacx.hu\\\/wp-content\\\/uploads\\\/2019\\\/10\\\/kodacx-design-uj-logo-512\u00d7512.jpg\"},\"description\":\"Kov\u00e1cs D\u00e1niel kodacx, budapesti alkalmazott grafikus vagyok. 2006-ban v\u00e9geztem az \u00d3budai K\u00e9pz\u0151m\u0171v\u00e9szeti Szakk\u00f6z\u00e9pben, Gerhes G\u00e1bor tan\u00edtv\u00e1nyak\u00e9nt. F\u0151bb ter\u00fcleteim: arculat tervez\u00e9s, grafikai tervez\u00e9s, t\u00f6rdel\u00e9s, illusztr\u00e1ci\u00f3k, tudom\u00e1nyos illusztr\u00e1ci\u00f3k, webes alkalmaz\u00e1sok, rekl\u00e1mok, honlapok grafikai anyagainak elk\u00e9sz\u00edt\u00e9se, WP honlapok k\u00e9sz\u00edt\u00e9se \u00e9s \u00e1talak\u00edt\u00e1sa\",\"sameAs\":[\"http:\\\/\\\/kodacx.hu\",\"https:\\\/\\\/www.facebook.com\\\/kodacx\",\"https:\\\/\\\/www.linkedin.com\\\/in\\\/dniel-kovcs-96429016\\\/\"]}]}<\/script>\n<!-- \/ Yoast SEO plugin. -->","yoast_head_json":{"title":"Szakmabelieknek &#8212; kodacx design","description":"kodacx design - Kov\u00e1cs D\u00e1niel magyar alkalmazott grafikus \/ hungarian graphic designer","robots":{"index":"index","follow":"follow","max-snippet":"max-snippet:-1","max-image-preview":"max-image-preview:large","max-video-preview":"max-video-preview:-1"},"canonical":"https:\/\/www.kodacx.hu\/?page_id=220","og_locale":"hu_HU","og_type":"article","og_title":"Szakmabelieknek &#8212; kodacx design","og_description":"kodacx design - Kov\u00e1cs D\u00e1niel magyar alkalmazott grafikus \/ hungarian graphic designer","og_url":"https:\/\/www.kodacx.hu\/?page_id=220","og_site_name":"kodacx design","article_publisher":"https:\/\/www.facebook.com\/kodacx","article_modified_time":"2018-05-16T12:19:51+00:00","twitter_card":"summary_large_image","twitter_misc":{"Becs\u00fclt olvas\u00e1si id\u0151":"2 perc"},"schema":{"@context":"https:\/\/schema.org","@graph":[{"@type":"WebPage","@id":"https:\/\/www.kodacx.hu\/?page_id=220","url":"https:\/\/www.kodacx.hu\/?page_id=220","name":"Szakmabelieknek &#8212; kodacx design","isPartOf":{"@id":"https:\/\/www.kodacx.hu\/#website"},"datePublished":"2016-07-08T19:06:59+00:00","dateModified":"2018-05-16T12:19:51+00:00","description":"kodacx design - Kov\u00e1cs D\u00e1niel magyar alkalmazott grafikus \/ hungarian graphic designer","breadcrumb":{"@id":"https:\/\/www.kodacx.hu\/?page_id=220#breadcrumb"},"inLanguage":"hu","potentialAction":[{"@type":"ReadAction","target":["https:\/\/www.kodacx.hu\/?page_id=220"]}]},{"@type":"BreadcrumbList","@id":"https:\/\/www.kodacx.hu\/?page_id=220#breadcrumb","itemListElement":[{"@type":"ListItem","position":1,"name":"Home","item":"https:\/\/www.kodacx.hu\/"},{"@type":"ListItem","position":2,"name":"SEG\u00cdTS\u00c9G","item":"https:\/\/www.kodacx.hu\/?page_id=34"},{"@type":"ListItem","position":3,"name":"Szakmabelieknek"}]},{"@type":"WebSite","@id":"https:\/\/www.kodacx.hu\/#website","url":"https:\/\/www.kodacx.hu\/","name":"kodacx design","description":"Kov\u00e1cs D\u00e1niel &quot;kodacx&quot; alkalmazott grafikus","publisher":{"@id":"https:\/\/www.kodacx.hu\/#\/schema\/person\/3d9b63c6491c0b4ca008cffa6b66b384"},"potentialAction":[{"@type":"SearchAction","target":{"@type":"EntryPoint","urlTemplate":"https:\/\/www.kodacx.hu\/?s={search_term_string}"},"query-input":{"@type":"PropertyValueSpecification","valueRequired":true,"valueName":"search_term_string"}}],"inLanguage":"hu"},{"@type":["Person","Organization"],"@id":"https:\/\/www.kodacx.hu\/#\/schema\/person\/3d9b63c6491c0b4ca008cffa6b66b384","name":"kodacx","image":{"@type":"ImageObject","inLanguage":"hu","@id":"https:\/\/www.kodacx.hu\/wp-content\/uploads\/2019\/10\/kodacx-design-uj-logo-512\u00d7512.jpg","url":"https:\/\/www.kodacx.hu\/wp-content\/uploads\/2019\/10\/kodacx-design-uj-logo-512\u00d7512.jpg","contentUrl":"https:\/\/www.kodacx.hu\/wp-content\/uploads\/2019\/10\/kodacx-design-uj-logo-512\u00d7512.jpg","width":512,"height":512,"caption":"kodacx"},"logo":{"@id":"https:\/\/www.kodacx.hu\/wp-content\/uploads\/2019\/10\/kodacx-design-uj-logo-512\u00d7512.jpg"},"description":"Kov\u00e1cs D\u00e1niel kodacx, budapesti alkalmazott grafikus vagyok. 2006-ban v\u00e9geztem az \u00d3budai K\u00e9pz\u0151m\u0171v\u00e9szeti Szakk\u00f6z\u00e9pben, Gerhes G\u00e1bor tan\u00edtv\u00e1nyak\u00e9nt. F\u0151bb ter\u00fcleteim: arculat tervez\u00e9s, grafikai tervez\u00e9s, t\u00f6rdel\u00e9s, illusztr\u00e1ci\u00f3k, tudom\u00e1nyos illusztr\u00e1ci\u00f3k, webes alkalmaz\u00e1sok, rekl\u00e1mok, honlapok grafikai anyagainak elk\u00e9sz\u00edt\u00e9se, WP honlapok k\u00e9sz\u00edt\u00e9se \u00e9s \u00e1talak\u00edt\u00e1sa","sameAs":["http:\/\/kodacx.hu","https:\/\/www.facebook.com\/kodacx","https:\/\/www.linkedin.com\/in\/dniel-kovcs-96429016\/"]}]}},"_links":{"self":[{"href":"https:\/\/www.kodacx.hu\/index.php?rest_route=\/wp\/v2\/pages\/220","targetHints":{"allow":["GET"]}}],"collection":[{"href":"https:\/\/www.kodacx.hu\/index.php?rest_route=\/wp\/v2\/pages"}],"about":[{"href":"https:\/\/www.kodacx.hu\/index.php?rest_route=\/wp\/v2\/types\/page"}],"author":[{"embeddable":true,"href":"https:\/\/www.kodacx.hu\/index.php?rest_route=\/wp\/v2\/users\/1"}],"replies":[{"embeddable":true,"href":"https:\/\/www.kodacx.hu\/index.php?rest_route=%2Fwp%2Fv2%2Fcomments&post=220"}],"version-history":[{"count":4,"href":"https:\/\/www.kodacx.hu\/index.php?rest_route=\/wp\/v2\/pages\/220\/revisions"}],"predecessor-version":[{"id":485,"href":"https:\/\/www.kodacx.hu\/index.php?rest_route=\/wp\/v2\/pages\/220\/revisions\/485"}],"up":[{"embeddable":true,"href":"https:\/\/www.kodacx.hu\/index.php?rest_route=\/wp\/v2\/pages\/34"}],"wp:attachment":[{"href":"https:\/\/www.kodacx.hu\/index.php?rest_route=%2Fwp%2Fv2%2Fmedia&parent=220"}],"curies":[{"name":"wp","href":"https:\/\/api.w.org\/{rel}","templated":true}]}}